ors of a.
3, 17
Suppose 0 = -r + y + 59, -4*r = 4*y - 152 - 44. What are the prime factors of r?
2, 3
What are the prime factors of (32/(-6))/(2/(-15))?
2, 5
Let x(b) = 4*b - 3. Let z(q) = 11*q - 9. Let h(d) = 8*x(d) - 3*z(d). What are the prime factors of h(-11)?
2, 7
Suppose -3*h = h, h = -2*u - 44. Let o = u + 8. What are the prime factors of ((-12)/o)/(3/42)?
2, 3
Let t = 1 + 1. Suppose s - t*s = 0. List the prime factors of s + (23 - (1 + 2)).
2, 5
Let v = 6 - 1. Suppose -4*h - v = -17. Suppose h*t - 12 = 0, -5*u = -3*t + 12 - 45. List the prime factors of u.
3
Let r(f) = -3*f**3 - f**2 + 2*f + 1. Let i be (-2)/3*(-4 + -8). Let x be i/(-3) - (-4)/6. What are the prime factors of r(x)?
17
Let s(q) be the first derivative of 13*q**2 + q + 7. List the prime factors of s(1).
3
Let j = 105 - 23. What are the prime factors of j?
2, 41
Suppose -28 = -3*d + 2*x - 7*x, 0 = -5*d - x + 10. Let i(k) = 19*k + 1. List the prime factors of i(d).
2, 5
Let c(m) = -m**3 - 6*m**2 - 6*m - 1. Let r be c(-5). Suppose -3*x + 74 = -4*b, 4*x - 19 = -r*b + 61. List the prime factors of x.
2, 11
Let q(s) = -3*s**2 - 3*s**3 + 5*s**3 - 6*s - 2*s**2 - 1 - 3*s**3. What are the prime factors of q(-5)?
29
Let w = -56 + 113. What are the prime factors of w?
3, 19
Let l(z) = -z**3 + 7*z**2 - 7*z + 9. Let q be l(6). Suppose 0 = -c + v, -q*c + v - 5*v = -14. Suppose 9 = c*b + b. List the prime factors of b.
3
Suppose -j + 82 = -2*j. Let s = -50 - j. Suppose -w + s + 4 = -5*h, -27 = -2*w + h. List the prime factors of w.
11
Let w(z) = -z**3 + z**2 - 3*z + 5. Let k be w(4). Let y = k - -93. What are the prime factors of y?
2, 19
Let i(x) = -11*x + 20. Let c(n) = -4*n + 7. Let p(v) = 17*c(v) - 6*i(v). List the prime factors of p(-2).
3
Let i(k) = k**2 - 11*k - 12. Let t be i(12). Suppose t = -5*u + 3*u + 24. What are the prime factors of u?
2, 3
Suppose 0 = p - 0*p. Let l = 10 - p. What are the prime factors of l?
2, 5
Let y = -104 - -154. List the prime factors of y.
2, 5
Let g(v) = v**2 + 3*v + 3. Suppose -z = -5*z - 20. List the prime factors of g(z).
13
Let c = 4 + 1. Suppose 3*q = -4*y + 3, -10 = -0*q - 5*q - c*y. Suppose 0*w = 2*w - q*k + 4, -4*k + 8 = -w. What are the prime factors of w?
2
What are the prime factors of (-13)/(-52) - 151/(-4)?
2, 19
Suppose -3*v = -v - 3*g - 247, 121 = v + g. Suppose -5*t - 17 = -v. Let b = t + -15. What are the prime factors of b?
2, 3
Suppose -2*q = 3 - 15. Let x = q - 16. Let u = x + 17. List the prime factors of u.
7
Suppose p + 436 = 4*g + 5*p, 4*g - 401 = 3*p. List the prime factors of g.
2, 13
Suppose 3*s - 2*w - 22 = 2*w, -14 = s + 4*w. What are the prime factors of s?
2
Suppose 2*o - 8 = 0, 2*v - 5 = 5*o - 21. Let a = v - -1. Suppose -4 = a*i - 22. List the prime factors of i.
2, 3
What are the prime factors of 2/18*-2 - 3198/(-54)?
59
Let f(a) = -4*a - 5*a**2 + 8*a + 0*a**2 - 2 + a**3 - 2*a. What are the prime factors of f(5)?
2
Let a(r) = r**3 + r**2 + 4*r + 217. What are the prime factors of a(0)?
7, 31
Let p be (-2)/(-15) - (-32)/(-15). List the prime factors of ((-64)/48)/(p/12).
2
Let h = -2 + 4. Suppose 4*m = -4, 0*p + h*m - 26 = -4*p. What are the prime factors of p?
7
Suppose -2 = 2*h - 10. Suppose 0 = -h*p - 0*p + 24. What are the prime factors of p?
2, 3
Let p = 6 + -4. Suppose p*c = c + 18. List the prime factors of c.
2, 3
List the prime factors of (-6)/10*(1 + -6).
3
Let n = -29 - -18. Let a = -3 + n. Let f = 23 + a. List the prime factors of f.
3
Let m(h) be the first derivative of h**3 - h**2 - h + 1. What are the prime factors of m(-2)?
3, 5
Suppose 0 = 10*v - 8*v - 52. List the prime factors of v.
2, 13
Let v(a) = 3*a**3 + 14*a**2 + 20*a - 8. Let f(g) = 4*g**3 + 21*g**2 + 30*g - 12. Let l(n) = 5*f(n) - 7*v(n). List the prime factors of l(8).
2, 3
Suppose -5*y = -3*r - 5, -4 = -4*y - r + 4*r. Let b(a) = 14*a**3 - a**2 + a - 1. What are the prime factors of b(y)?
13
Let s be 4/2 + 0/5. Suppose -s*v + 1 = -v. Suppose -g + v = -6. List the prime factors of g.
7
Let d = -2 + -9. Let s = d + 18. Let r = -4 + s. What are the prime factors of r?
3
Let s = 4 + -4. Suppose -36 = 3*r + 3*d, s = -4*r - r + d - 60. Let m = r + 20. List the prime factors of m.
2
Suppose -z + 39 = 4*o, -4*z = -0*o - 2*o - 192. List the prime factors of z.
47
Suppose -4 = -5*w - 3*t, -5*t - 5 = 5. Suppose -7*s = -w*s - 60. What are the prime factors of s?
2, 3
Let x(a) = a**2 + 4*a + 1. List the prime factors of x(4).
3, 11
Suppose 12 = -5*x - 2*m, 8 = -3*x + 4*x + 3*m. Let b = -7 - x. What are the prime factors of ((-2)/b)/((-8)/(-204))?
17
Suppose 0 = 4*p + 4*h + 36, p - h - 27 = 5*p. Let q = 22 + p. List the prime factors of q.
2
Suppose 3*p - p = 54. Suppose -5*j - 27 = 4*v, -5*j + j = 5*v + p. Let s = 7 + v. What are the prime factors of s?
2
Suppose 157*x - 162*x = -1030. List the prime factors of x.
2, 103
Let a(p) = -21*p + 13. Let n(d) = 7*d - 4. Let g(v) = 2*a(v) + 7*n(v). What are the prime factors of g(2)?
2, 3
What are the prime factors of (4/6)/(26/2847)?
73
Suppose v = s - v + 44, -4*v = -4*s - 172. What are the prime factors of (-455)/s + (-1)/(-6)?
11
Let l(q) = 3*q**3 - 3. Let c(r) = -r**3 - r**2 + r + 1. Let b(v) = 2*c(v) + l(v). Let k be b(2). List the prime factors of (2/3)/(1/k).
2
List the prime factors of 10/(7/((-1155)/(-10))).
3, 5, 11
Let m be 6/((-33)/(-6) + -4). Suppose -4*f + 119 = 3*b, m*b - 64 = -4*f + 56. List the prime factors of f.
29
Suppose -5*w + 163 = -97. Suppose 2*g + a - w = -a, -3*a + 32 = g. List the prime factors of g.
23
Suppose 0 = -0*x + 2*x - 278. Let m = x - 94. Suppose 2*k = k + 5*g, 4*k = 5*g + m. List the prime factors of k.
3, 5
Let p = -16 - -16. What are the prime factors of (p - 65)*18/(-30)?
3, 13
List the prime factors of 671/6 + (0 - 3/(-18)).
2, 7
Suppose 87 = -9*i + 474. What are the prime factors of i?
43
Let k be (-1)/(-4)*-3*-8. Suppose 0 = -g + k*g - 50. What are the prime factors of g/(-1)*(-6)/15?
2
Suppose -3*c + 2*q = q - 14, -3*q = -3*c + 12. Suppose -5*m = -c*v - 55, 3*v = m + 5*v - 11. Let h = m - 4. List the prime factors of h.
7
Suppose -2*w = 4*q, 4*q - 13 = 5*w + 1. Let u(r) = 2*r**2 + 3*r. Let k be u(w). Suppose 12 = k*m - 22. List the prime factors of m.
17
Let x(u) = u - 4. Suppose -4*i = -0*i. Let f be x(i). What are the prime factors of ((-21)/12 - -1)*f?
3
Let k = 1 - -2. List the prime factors of 4/(-6) + 32/k.
2, 5
List the prime factors of (-14884)/(-68) + (-32)/17 + 2.
3, 73
Let r = 6 - 3. Suppose 0 = r*u - u. Suppose u = 4*l + 1 - 33. What are the prime factors of l?
2
Suppose 0 = -2*l - 4*y + 12, -12 - 7 = -4*l - 3*y. Let v = l + -4. Let o(x) = x**3 - x + 2. What are the prime factors of o(v)?
2
Let v(f) = f**3 + 8*f**2 + 7*f + 5. Let w be v(-7). Suppose 3*b - 4*b - w = 0, 14 = -3*p - 4*b. List the prime factors of (p - 2 - -9)*1.
3
Let x(j) be the third derivative of -j**4/24 + 4*j**2. Let h be x(-4). Suppose 3*y + 1 = h*b + 45, -76 = -3*y - 4*b. What are the prime factors of y?
2, 5
Let g be (-1 - 2)*-1 - -1. Suppose 0 = -3*r + 2*k - 1 - g, -r - 3*k + 13 = 0. List the prime factors of (1 - 2)*(r - 16).
3, 5
Let a be 0 - (-114)/(-3) - 0. Let g = 53 + a. List the prime factors of g.
3, 5
Suppose -27 = 5*b - 2*b. Let a(x) = x**2 - 2*x - 3. Let w be a(6). Let k = w + b. List the prime factors of k.
2, 3
Let k = 58 + -51. List the prime factors of k.
7
Let r(k) be the third derivative of -k**4/12 - 13*k**3/6 - k**2. List the prime factors of r(-9).
5
Suppose -2*y + 15 = -9. List the prime factors of y.
2, 3
What are the prime factors of 28*((-175)/(-20))/5?
7
Suppose -k - 24 = -69. Suppose i + 4*i = -k. What are the prime factors of (-30)/i*(-6)/(-4)?
5
Suppose 9*k - 4*k + 136 = 3*f, 5*f - 3*k = 232. Let p = -25 + f. List the prime factors of p.
2, 11
Suppose -27 = -3*j + 3*b, j + 3*j + 4 = -4*b. Suppose -301 = -j*r + o + 2*o, 4*o = 4. Suppose r = d + 3*d. What are the prime factors of d?
19
Let t(l) = -l + 9. Let u(b) = b - 1. Let a(q) = t(q) + 2*u(q). Let s be a(-5). Suppose s*n + 2*r - 18 = 0, n - 5*r = -2 + 5. List the prime factors of n.
2
Let o = 15 - 11. Suppose -c + 51 - 8 = 5*m, o*c - 4 = m. Let t(h) = h**3 - 8*h**2 + 3*h - 12. What are the prime factors of t(m)?
2, 3
Let g = -3 - -3. Suppose -3*c + 5*c - 20 = g. What are the prime factors of c?
